8)?
4
Let s(v) = 3*v**2 - 34*v + 23. Give s(11).
12
Let m(k) = -k**2 - 6*k + 6. What is m(4)?
-34
Let h(n) = n**3 - 6*n**2 - 3*n - 7. Give h(6).
-25
Let p(w) = 3*w + 4. Determine p(-7).
-17
Let y(m) = m**3 - 9*m**2 + 8*m - 8. Determine y(8).
-8
Let m(c) = -23*c - 148. Give m(-7).
13
Let a(j) = 9*j - 36. What is a(4)?
0
Let h(m) = m**2 + 15*m + 35. Determine h(-14).
21
Let h(y) = -39*y + 1. Determine h(-1).
40
Let h(d) = -d**2 + 2*d + 2. Give h(3).
-1
Let p(w) = w**3 + 4*w**2 - 11*w + 12. Give p(-6).
6
Let k(p) = -p**2 + 22*p - 118. What is k(12)?
2
Let o(x) = x**3 + 68*x**2 - 62*x + 482. Determine o(-69).
-1
Let o(d) = -d**2 - 45*d - 290. Calculate o(-8).
6
Let c(b) = 10*b**3 + 5*b**2 + 2*b - 5. Calculate c(-2).
-69
Let p(m) = 2*m**3 - 86*m**2 + 82*m + 88. Calculate p(42).
4
Let f(s) = s - 11. Calculate f(12).
1
Let y(p) = -p**3 - 13*p**2 - 47*p + 3. What is y(-6)?
33
Let l(f) = f**2 - 8*f - 13. Calculate l(7).
-20
Let o(t) = -t - 10. What is o(1)?
-11
Let t(z) = 9*z - 28. Calculate t(-6).
-82
Let a(l) = -3*l**2 + 4*l + 16. Determine a(-7).
-159
Let h(i) = 2*i**3 - 4*i**2 + 1. Determine h(3).
19
Let j(w) = -w**3 + w**2 + w + 5. What is j(0)?
5
Let u(k) = -k**3 - 3*k**2 + k + 9. Determine u(-5).
54
Let k(j) = -j**3 - 5*j**2 + 3*j + 12. What is k(-5)?
-3
Let a(g) = -g**2 + g + 46. Determine a(0).
46
Let x(h) = h**2 - h - 13. Give x(-4).
7
Let n(c) = -2*c + 7. Give n(15).
-23
Let c(g) = g**3 + 7*g**2 + 8*g + 5. Give c(-6).
-7
Let d(b) = -b**3 - 7*b**2 - 4*b - 12. Determine d(-5).
-42
Let q(p) = -2*p**2 + 30*p - 26. What is q(20)?
-226
Let o(k) = 4*k**2 + 97*k - 78. Calculate o(-25).
-3
Let t(y) = -y - 14. Calculate t(-18).
4
Let t(w) = w**3 + 6*w**2 - 9*w - 3. Calculate t(-7).
11
Let l(z) = -34*z - 176. Calculate l(-5).
-6
Let f(x) = -x**3 + 5*x**2 + 5. What is f(4)?
21
Let j(f) = 4*f**2 - 20*f - 19. Give j(6).
5
Let s(v) = 14*v + 34. What is s(5)?
104
Let o(i) = 2*i**2 - 8*i + 5. Calculate o(4).
5
Let u(m) = -m - 10. Determine u(9).
-19
Let t(b) = -3*b**2 + 48. Give t(0).
48
Let l(r) = r - 9. Give l(3).
-6
Let z(h) = h**2 - 29*h - 50. What is z(25)?
-150
Let r(f) = 2*f**3 + 3*f**2 + 5*f + 2. Calculate r(-2).
-12
Let m(i) = 7*i - 30. What is m(6)?
12
Let d(c) = c**2 + 6*c + 4. Determine d(-6).
4
Let t(n) = n**2 + n + 18. Determine t(0).
18
Let k(d) = 2*d**2 - 17*d - 24. Determine k(10).
6
Let y(m) = 17*m**2 - m - 1. Determine y(-1).
17
Let t(x) = 2*x**2 + 51*x - 21. Determine t(-26).
5
Let x(n) = -n**3 - 4*n**2 + 10*n + 32. Give x(-3).
-7
Let v(n) = n**3 + 2*n**2 - 4*n + 2. Determine v(-3).
5
Let z(j) = -j**3 - 10*j**2 + 8*j - 22. What is z(-11)?
11
Let r(a) = -a - 11. Calculate r(-13).
2
Let c(n) = 48*n**2 + n - 1. What is c(1)?
48
Let i(c) = c**3 - 3*c**2 + 7*c - 12. What is i(3)?
9
Let v(n) = -3*n**2 - 15*n - 1. What is v(-6)?
-19
Let y(q) = -q**3 + 22*q**2 - 24*q + 68. What is y(21)?
5
Let f(n) = -n**3 - 8*n**2 - 7*n - 6. Determine f(-3).
-30
Let z(h) = h**2 - 12*h - 48. Determine z(15).
-3
Let r(g) = 14*g - 14. Calculate r(-2).
-42
Let x(f) = f**2 - 18*f + 14. Calculate x(13).
-51
Let q(t) = t**3 - 6*t**2 - 7*t - 9. Determine q(7).
-9
Let i(n) = 12*n**2 - n - 1. Give i(-1).
12
Let l(h) = h**2 - 6*h - 5. Give l(7).
2
Let z(s) = 51*s**3 + s**2. Calculate z(-1).
-50
Let v(s) = -268*s + 265. Determine v(1).
-3
Let p(g) = 6*g**2 + g. Determine p(-1).
5
Let p(n) = -3*n - 32. Calculate p(13).
-71
Let g(a) = 2*a**2 - 13*a - 19. Determine g(7).
-12
Let t(g) = -g**2 + 2*g + 4. Give t(5).
-11
Let r(t) = -t**2 + 9*t - 14. Give r(6).
4
Let j(t) = t**3 + 2*t**2 - 6*t + 3. Calculate j(2).
7
Let n(u) = -3*u - 25. Calculate n(-15).
20
Let m(b) = -b**2 + 11*b - 19. Give m(9).
-1
Let o(i) = -6*i**2 - 2*i - 14. Calculate o(-4).
-102
Let w(d) = -2*d - 12. Give w(0).
-12
Let h(c) = c**2 + 22*c - 81. Give h(-25).
-6
Let g(s) = -s + 2. Give g(4).
-2
Let y(t) = -t**3 + 50*t**2 + 102*t + 110. Determine y(52).
6
Let f(c) = -c**3 + 21*c**2 + 130*c - 22. Calculate f(26).
-22
Let h(p) = -8*p - 70. What is h(-9)?
2
Let s(a) = a**3 + a**2 + 2*a + 10. Give s(-5).
-100
Let n(x) = -x**2 - 4*x + 1. Calculate n(-5).
-4
Let f(n) = -3*n - 4. Determine f(-2).
2
Let s(k) = -k**2 - 34*k - 236. Give s(-10).
4
Let d(k) = k**3 + 6*k**2 + 3*k - 4. Give d(-5).
6
Let y(p) = 2*p**2 - 9*p + 11. Give y(5).
16
Let s(b) = b**2 - 28*b + 189. Determine s(17).
2
Let b(k) = k**3 + 21*k + 20. Determine b(0).
20
Let h(p) = -p**2 - 11*p - 1. Determine h(-10).
9
Let j(u) = u**2 + 6. Calculate j(-4).
22
Let d(w) = 2*w**3 - 2*w**2 - 22*w - 10. Determine d(4).
-2
Let r(l) = -l**3 + 5*l**2 + 2*l - 12. Determine r(5).
-2
Let x(p) = p**3 - 1. Calculate x(-3).
-28
Let j(o) = -o**3 + 4*o**2 + 11*o. Determine j(6).
-6
Let l(c) = -c + 6. Determine l(6).
0
Let m(u) = u - 1. Calculate m(-3).
-4
Let s(y) = -2*y**2 - 48*y + 41. What is s(-25)?
-9
Let b(u) = u**3 + 18*u**2 + 80*u + 2. Give b(-10).
2
Let r(x) = x**3 - 3*x**2 + 7*x - 23. Calculate r(3).
-2
Let j(g) = -2*g**2 + 3*g + 9. What is j(-4)?
-35
Let r(h) = 8*h**2 + 7*h + 15. Calculate r(-2).
33
Let z(f) = -f**3 + 13*f**2 + 2*f + 45. Calculate z(13).
71
Let l(c) = -124*c + 492. What is l(4)?
-4
Let s(t) = t**2 + 15*t - 1. What is s(-11)?
-45
Let r(z) = 3*z + 77. What is r(-25)?
2
Let a(t) = -t**3 - 3*t**2 - 2*t + 2. Determine a(-4).
26
Let b(x) = -x**3 + 19*x**2 - x + 43. Give b(19).
24
Let u(p) = p**3 + 3*p**2 - 4*p - 5. Calculate u(-4).
-5
Let z(v) = -v**3 - 3*v**2 - v - 3. What is z(-2)?
-5
Let v(s) = -9*s + 61. Determine v(12).
-47
Let i(l) = 6*l + 42. Calculate i(-9).
-12
Let q(o) = -o**3 - 4*o**2 + 3*o + 3. Give q(-3).
-15
Let b(n) = n - 15. What is b(4)?
-11
Let g(q) = -q**2 + 5*q - 6. What is g(6)?
-12
Let v(m) = m**3 + 36*m**2 + 29*m - 221. Calculate v(-35).
-11
Let f(i) = -i**3 + 3*i**2 + 3*i - 4. Give f(3).
5
Let b(o) = -o - 1. Determine b(-8).
7
Let c(m) = -m**3 + 8*m**2 - 10*m + 23. Calculate c(7).
2
Let t(n) = -2*n**3 + 3*n**2 - 4*n - 1. Determine t(2).
-13
Let a(k) = 3*k**2 + k - 1. Calculate a(2).
13
Let o(s) = -19*s + 1. What is o(-1)?
20
Let l(v) = -v**3 - 8*v**2 - 20. Give l(-8).
-20
Let r(w) = 2*w**2 - 10*w + 4. Determine r(7).
32
Let q(b) = -3*b - 28. Determine q(-9).
-1
Let g(r) = r**3 - 5*r**2 + 3*r + 4. Give g(3).
-5
Let o(c) = 2*c**2 - 40*c - 27. Give o(21).
15
Let z(v) = v**3 + 11. Give z(0).
11
Let c(k) = 35*k + 2. Determine c(0).
2
Let g(u) = u**3 + 10*u**2 + 8*u - 9. What is g(-9)?
0
Let u(l) = -l**3 + 15*l**2 - 8. Calculate u(15).
-8
Let t(c) = 33*c + 194. Calculate t(-7).
-37
Let r(q) = q**3 - 8*q**2 + 7*q + 7. Calculate r(7).
7
Let t(f) = f + 20. Determine t(-16).
4
Let t(b) = b**3 + 9*b**2 + 6. Give t(-9).
6
Let v(l) = 41*l + 1. Give v(-2).
-81
Let d(z) = -17*z - 13. Calculate d(-2).
21
Let n(i) = 30*i - 42. Determine n(6).
138
Let v(o) = o - 1. What is v(-9)?
-10
Let l(i) = i**3 + 8*i**2 - 5*i - 4. Give l(-7).
80
Let g(y) = -y**2 + 15*y + 4. Calculate g(15).
4
Let c(q) = -q**2 + q + 6. Calculate c(-4).
-14
Let v(p) = -4*p**3 + 43*p**2 + 46*p + 2. Determine v(-1).
3
Let k(n) = -17*n - 208. What is k(-12)?
-4
Let x(g) = g**2 + g - 2. Calculate x(1).
0
Let n(f) = 4*f - 45. What is n(6)?
-21
Let x(w) = -w + 17. Determine x(12).
5
Let v(z) = z**3 - 5*z**2 + z - 1. Calculate v(0).
-1
Let y(u) = -5*u**3 + 2*u**2 + 3*u. Give y(-2).
42
Let a(f) = -f**3 + 6*f**2 + 4*f + 15. Calculate a(7).
-6
Let v(h) = -h**3 + 13*h**2 - 13*h + 16. What is v(12)?
4
Let m(x) = -59*x**3 - x**2 + 1. Calculate m(1).
-59
Let g(x) = -6*x + 75. Calculate g(11).
9
Let x(b) = 3*b + 3. Give x(-6).
-15
Let f(u) = -143*u**3 + 2*u**2 - 8*u + 7. Give f(1).
-142
Let g(r) = -r - 20. What is g(-11)?
-9
Let a(q) = q**2 - 11*q - 16. What is a(12)?
-4
Let u(q) = -q**3 - 12*q**2 - 12*q - 9. What is u(-11)?
2
Let o(w) = w**2 - 2*w - 13. Determine o(5).
2
Let x(p) = 272*p - 817. Determine x(3).
-1
Let c(b) = 5*b**2 - 6*b + 6. Calculate c(1).
5
Let n(b) = 19*b + 36. Determine n(-2).
-2
Let g(r) = r**3 - r**2 + 4*r + 1. Determine g(-3).
-47
Let p(w) = w**3 - 6*w**2 + 5*w - 6. Determine p(4).
-18
Let t(b) = b**3 - 15*b**2 + 28*b - 17. Determine t(13).
9
Let f(d) = 6*d**3 + 2*d**2 - d - 7. Determine f(-2).
-45
Let i(b) = b**2 - 4*b - 5. Calculate i(4).
-5
Let z(b) = b - 25. Give z(12).
-13
Let m(g) = 3*g**2 - 12*g + 2. Calculate m(5).
17
Let b(n) = n**2 - 120*n + 679. Give b